?
4480
Convert -23b3 (base 13) to base 5.
-130142
What is 2d09 (base 15) in base 2?
10010111010100
Convert 24351 (base 6) to base 5.
103340
What is 2542 (base 8) in base 10?
1378
What is 11112121 (base 3) in base 9?
4477
Convert 7303 (base 11) to base 15.
2d08
-aab (base 12) to base 3
-2011012
What is -323302 (base 6) in base 12?
-13532
What is -178 (base 13) in base 3?
-100221
Convert -240 (base 14) to base 12.
-314
312535 (base 7) to base 11
37450
Convert -3457 (base 12) to base 7.
-22663
-312023 (base 5) to base 15
-3093
-1022122222 (base 3) to base 4
-12112100
What is 24710 (base 11) in base 9?
53574
What is 123330 (base 5) in base 8?
11350
Convert -1362 (base 7) to base 15.
-259
-15174 (base 11) to base 3
-1002111020
What is 884 (base 11) in base 16?
424
What is -2202011 (base 4) in base 7?
-42146
-308 (base 11) to base 14
-1c7
Convert -634 (base 12) to base 8.
-1610
Convert d9e (base 15) to base 13.
1526
433 (base 7) to base 3
22011
-13443 (base 6) to base 7
-6111
1191 (base 11) to base 6
11104
Convert 32 (base 11) to base 3.
1022
What is 21514 (base 7) in base 4?
1110121
-1b89 (base 14) to base 10
-5021
12200 (base 3) to base 6
413
-e0 (base 15) to base 5
-1320
-383 (base 12) to base 9
-650
What is 5140 (base 8) in base 2?
101001100000
What is 1101111011 (base 2) in base 15?
3e6
What is -3012 (base 5) in base 13?
-235
What is -14505 (base 10) in base 4?
-3202221
Convert 353550 (base 7) to base 16.
f8f7
Convert -3322 (base 11) to base 6.
-32140
1986 (base 12) to base 14
11d4
Convert 10110111111101 (base 2) to base 9.
17131
Convert 5ed (base 16) to base 6.
11005
What is 1017 (base 10) in base 13?
603
Convert 4433 (base 8) to base 16.
91b
What is -3443201 (base 5) in base 13?
-22485
Convert 101111 (base 3) to base 8.
433
Convert -100001220 (base 3) to base 7.
-25164
Convert -1cc3 (base 16) to base 2.
-1110011000011
What is 701 (base 8) in base 6?
2025
10168 (base 11) to base 5
433321
What is -16654 (base 9) in base 11?
-8688
What is -7f5 (base 16) in base 3?
-2210110
What is -1a0a9 (base 11) in base 9?
-42448
What is 29d5 (base 15) in base 8?
21417
-dc (base 15) to base 6
-543
-1136 (base 10) to base 14
-5b2
What is 10011001011100100 (base 2) in base 9?
128683
What is 183 (base 11) in base 10?
212
Convert -336 (base 14) to base 16.
-27c
What is 418 (base 12) in base 11?
4a2
Convert -40 (base 10) to base 8.
-50
What is -704 (base 8) in base 3?
-121202
Convert 13327 (base 8) to base 4.
1123113
1b8e (base 16) to base 8
15616
Convert 10 (base 16) to base 14.
12
What is -5356 (base 13) in base 7?
-45466
-176f (base 16) to base 12
-357b
What is 101101111 (base 2) in base 5?
2432
What is 47404 (base 9) in base 6?
402351
Convert 17d5 (base 15) to base 4.
1100132
494 (base 13) to base 14
40d
Convert -12102 (base 3) to base 13.
-b3
What is -197 (base 14) in base 15?
-16e
What is -dcd (base 15) in base 2?
-110000101110
What is 10011111011 (base 2) in base 9?
1666
9006 (base 15) to base 11
2090a
Convert 2185 (base 13) to base 15.
15b7
Convert -79 (base 16) to base 3.
-11111
What is 16839 (base 11) in base 9?
35373
-2651 (base 8) to base 15
-669
Convert -a66 (base 12) to base 11.
-1160
Convert -2884 (base 13) to base 11.
-4442
What is 43a (base 16) in base 7?
3104
4ba8 (base 12) to base 10
8624
Convert -1361 (base 7) to base 3.
-201202
What is -100012001 (base 3) in base 11?
-5039
22150 (base 7) to base 8
12704
Convert 2042401 (base 5) to base 4.
20110311
What is 81d5 (base 16) in base 12?
17299
Convert -23318 (base 10) to base 2.
-101101100010110
101122212 (base 3) to base 11
5926
What is -25c (base 13) in base 12?
-2a7
Convert -3001 (base 6) to base 14.
-345
-111001000001100 (base 2) to base 4
-13020030
437 (base 14) to base 12
595
Convert 21a (base 11) to base 2.
100000111
Convert -398 (base 14) to base 6.
-3202
What is 30323200 (base 4) in base 14?
1542c
Convert 10101100 (base 2) to base 8.
254
44205 (base 6) to base 14
2337
What is 15121 (base 8) in base 2?
1101001010001
-2132 (base 7) to base 15
-358
What is 30122 (base 4) in base 16?
31a
Convert 1200 (base 7) to base 16.
1b9
Convert 7397 (base 10) to base 15.
22d2
-723 (base 10) to base 5
-10343
1101001010110 (base 2) to base 11
507a
1566 (base 16) to base 11
4130
What is 10131 (base 8) in base 4?
1001121
What is 16230 (base 8) in base 7?
30225
Convert 11000101110100 (base 2) to base 13.
59bb
What is 1261 (base 11) in base 2?
11001101000
10033 (base 6) to base 15
5cc
Convert 5aaa (base 14) to base 15.
4a55
a99a (base 14) to base 10
29340
Convert 876 (base 10) to base 6.
4020
2052 (base 9) to base 16
5e1
475 (base 15) to base 6
4402
Convert -2b3 (base 13) to base 6.
-2124
-6180 (base 13) to base 8
-32217
Convert 14da (base 16) to base 14.
1d34
Convert -4d7 (base 14) to base 9.
-1301
What is a52 (base 12) in base 9?
2048
-5328 (base 12) to base 6
-110052
-111445 (base 6) to base 14
-363b
5527 (base 8) to base 14
10b5
What is -45 (base 12) in base 4?
-311
Convert 11220021 (base 4) to base 13.
a650
-43343 (base 8) to base 12
-a603
1779 (base 10) to base 16
6f3
What is 111aa (base 12) in base 9?
34164
230 (base 8) to base 10
152
What is 408 (base 15) in base 13?
54b
74 (base 13) to base 8
137
683 (base 14) to base 12
8b7
What is 140d (base 14) in base 6?
24221
1624 (base 7) to base 2
1010001111
What is 13111 (base 4) in base 11?
397
-110110000111 (base 2) to base 8
-6607
What is -9901 (base 16) in base 11?
-27479
-22002 (base 4) to base 13
-3a5
11110010 (base 2) to base 13
158
Convert -64b (base 13) to base 6.
-4553
2232 (base 6) to base 8
1014
460 (base 9) to base 2
101111010
-1001111 (base 3) to base 13
-472
2606 (base 15) to base 8
17652
Convert -15a (base 12) to base 11.
-185
1c4 (base 14) to base 8
560
Convert -5434 (base 6) to base 9.
-1634
Convert 2233 (base 4) to base 9.
214
-1110000011101 (base 2) to base 8
-16035
What is 100012 (base 3) in base 9?
305
What is -110010022 (base 3) in base 15?
-2942
What is 34b (base 13) in base 6?
2350
Convert 200210002 (base 3) to base 13.
6302
2d70 (base 14) to base 12
485a
What is -22341 (base 11) in base 3?
-1122101020
What is 202121 (base 3) in base 15?
271
What is -5a01 (base 14) in base 9?
-23453
Convert 154 (base 16) to base 3.
110121
545 (base 9) to base 7
1205
What is -48 (base 13) in base 15?
-40
-3aa8 (base 14) to base 10
-10340
3a2 (base 13) to base 11
531
-3461 (base 8) to base 5
-24331
What is 18a (base 12) in base 10?
250
What is -11101100 (base 2) in base 10?
-236
Convert -867b (base 12) to base 6.
-152235
What is -9972 (base 15) in base 13?
-11a47
Convert a7 (base 14) to base 15.
9c
What is -127a (base 12) in base 9?
-2804
14046 (base 9) to base 14
367d
What is -21506 (base 9) in base 11?
-a796
What is 319 (base 10) in base 6?
1251
-6859 (base 11) to base 3
-110101000
What is -894 (base 16) in base 4?
-202110
Convert 4320 (base 6) to base 8.
1730
Convert 99b2 (base 13) to base 6.
243131
Convert 26961 (base 10) to base 16.
6951
Convert -2d0a (base 16) to base 4.
-2310022
113322 (base 4) to base 3
2002200
Convert -2222011 (base 3) to base 13.
-ca6
-163330 (base 8) to base 13
-20b8b
-201 (base 16) to base 14
-289
Convert 1194 (base 12) to base 11.
1544
What is -2330 (base 6) in base 16?
-22e
Convert -65546 (base 8) to base 15.
-822e
100011010110111 (base 2) to base 7
103531
What is 101122100 (base 3) in base 12?
45a6
What is -3062 (base 8) in base 14?
-814
What is 397f (base 16) in base 14?
5515
Convert 6dc (base 16) to base 10.
1756
-165b (base 14) to base 8
-7641
34043 (base 5) to base 4
211132
Convert -10010222 (base 3) to base 13.
-1076
Convert -1298 (base 11) to base 7.
-4620
What is aa3 (base 13) in base 14?
943
cc5 (base 14) to base 6
15405
Convert -10340 (base 10) to base 9.
-15158
-baa (base 12) to base 5
-23324
What is 2311 (base 11) in base 7?
11566
Convert 3123 (base 4) to base 2.
11011011
-28 (base 9) to base 10
-26
-16335 (base 7) to base 11
-3531
What is -3004122 (base 5) in base 15?
-e0ac
What is 100100110001 (base 2) in base 9?
3204
What is -1b7 (base 14) in base 4?
-11211
Convert 658 (base 9) to base 10.
539
Convert 225 (base 16) to base 14.
2b3
What is -439 (base 16) in base 6?
-5001
Convert 2a3 (base 14) to base 9.
654
What is 332 (base 5) in base 10?
92
Convert 6723 (base 12) to base 11.
8627
Convert -ae2 (base 16) to 